*a - 7. Suppose -4*f = -5*o - 85, 4*f - 2*f - 3*o = 41. Suppose -f = -4*b - 3*i - 2*i, 3*b - 4*i - 11 = 0. Determine l(b).
8
Suppose -4*v + 5 = v. Let h be (-1 - (0 + v)) + 0. Let u(f) = 0*f**2 + 3 - f**3 - 2*f - 6 - 4*f**2. Determine u(h).
-7
Let x(o) = -12*o + 7. Let c(y) = 11*y - 6. Let a(h) = 6*c(h) + 5*x(h). Let u(k) be the first derivative of -k**2 + 9*k - 2. Let p be u(4). Calculate a(p).
5
Let n(y) = -4*y. Let t(i) = -i**2 + 1. Let b be t(2). Let z(c) = 11*c. Let q(k) = b*z(k) - 8*n(k). Let a be 2/(-7) - 10/14. Calculate q(a).
1
Let q(u) = -3*u**2 + 6*u + 7. Let n(y) = -7*y**2 + 13*y + 15. Let h(o) = 4*n(o) - 9*q(o). What is h(-2)?
-3
Let p = 2 - 2. Let k(c) = p + 2 + 1 - c. Calculate k(7).
-4
Let z(y) = 11*y. Let v(a) = 7*a. Let c(g) = 8*v(g) - 5*z(g). Let s(k) = -4*k - 1. Let p(h) = 5*c(h) + s(h). Give p(-3).
-4
Suppose 7 = -0*f - 3*f - 4*t, -f - 3*t + 1 = 0. Let a = 2 - f. Let l = -6 + a. Let w(s) = -11*s**2 + 1. What is w(l)?
-10
Let u(t) = t**2 - t + 1. Let c(w) = -w**3 + 7*w**2 - 3*w - 3. Let g(z) = c(z) - 2*u(z). Give g(5).
-10
Let y(w) be the second derivative of -2*w**5/5 - w**2/2 + w. Calculate y(-1).
7
Let m = 35 - 21. Suppose -6*v - m = 2*l - 2*v, 5*v + 13 = -4*l. Let a(g) = 3*g + 8. Let w(t) = 2*t + 4. Let d(b) = -3*a(b) + 5*w(b). Give d(l).
-1
Let n(m) = m**2 - m - 1. Let l(v) = 6*v**2 - 4. Let c(w) = l(w) - 5*n(w). What is c(-6)?
7
Suppose 3 = 2*l + 2*s - 5, l + 20 = 5*s. Suppose 4*b + 5*c = 11, l*c = -3*b - c. Let k(j) = j + 1. Calculate k(b).
0
Let j(l) be the second derivative of l**5/20 - l**4/2 + l**3/2 - 3*l**2 - 3*l. Calculate j(6).
12
Suppose 3*r + 6 = 4*r. Let n(k) = k**2 - 7*k + 2. Let l be n(r). Let j(t) = 6*t - 1 + 2 + 1 - t**2 - 10*t. What is j(l)?
2
Let o(z) = z**3 - 4*z**2 - 3. Let t = -28 - -32. Calculate o(t).
-3
Let h(d) = -d**2 - 4*d + 8. Let l be h(-5). Let v(c) = 2*c + 4. What is v(l)?
10
Let s = -1 - -3. Let a(c) = -4*c**2 - 2*c + 2. What is a(s)?
-18
Let r(h) = -h**3 + h. Let t(z) = -6*z**3 - 6*z**2 + 5*z. Let k(b) = 5*r(b) - t(b). Let g be ((-1)/(-3))/(1/12). Let w be g/(-20) - (-58)/(-10). What is k(w)?
0
Let c(l) = -8*l - 17 + 0*l + l**2 + 11 + 12. What is c(6)?
-6
Let o(c) = 2*c - 15. Let i be o(12). Let z(k) = 13*k + 14. Let p(a) be the second derivative of -a**3 - 7*a**2/2 - a. Let n(s) = i*p(s) + 4*z(s). Give n(-5).
3
Suppose 0 = -2*h - g - 0*g + 9, -2*g = 5*h - 20. Let v(s) = -5*s**2 + 2*s**2 - 3*s**h - 1 + 5*s**2. Give v(-2).
-5
Let n(m) be the second derivative of -13*m**3/3 - m**2/2 - 8*m. Give n(1).
-27
Let r(s) be the third derivative of s**4/4 + 8*s**2. Give r(-1).
-6
Let i(n) be the second derivative of -n**3/3 + n**2/2 + 3*n. Calculate i(3).
-5
Let l(a) = 4*a**2 - 5*a + 6. Let w(u) = -9*u**2 + 10*u - 12. Let k(p) = 7*l(p) + 3*w(p). Give k(5).
6
Suppose -5*b - 29 = 4*f, -3*f = 11 - 8. Let j(m) = m**2 + 3*m - 7. Calculate j(b).
3
Let p(t) = -3 + 6 - t + 0 + 3. Calculate p(6).
0
Let u(g) = 9*g**3 + 12*g**2 + 19*g + 13. Let p(z) = 5*z**3 + 6*z**2 + 10*z + 7. Let a(k) = 7*p(k) - 4*u(k). Let c be 6/(-2) + (0 - 1). Determine a(c).
-11
Let g(v) be the second derivative of v**5/20 - v**4/3 - v**3/6 - v**2/2 + 29*v. Give g(4).
-5
Let t(y) = 2*y - 9. Let g be t(6). Let x(s) = -2*s - 12. Let u be x(-9). Let c(v) = -u*v**2 - 4*v**g - v**3 - 5*v + 4*v**3. Determine c(-5).
0
Let j = 6 + -1. Let l be (-4)/(j/1 + -3). Let o(y) = 7*y**3 - 2*y**2 - 4*y - 3. Let n(x) = 10*x**3 - 3*x**2 - 6*x - 4. Let u(f) = 5*n(f) - 7*o(f). What is u(l)?
-7
Let x = -42 + 36. Let c(p) = -p**3 - 6*p**2 + p + 5. Determine c(x).
-1
Let p(n) be the third derivative of n**8/6720 + n**7/420 - n**6/720 + n**4/24 + 2*n**2. Let k(o) be the second derivative of p(o). Give k(-6).
6
Let u(x) = -x. Let h = -39 - -42. Give u(h).
-3
Let o(t) be the third derivative of -3*t**5/20 - t**4/24 + t**3/6 + 7*t**2. Calculate o(1).
-9
Let u(c) = 5*c**2 + 2*c - 4. Let s(m) = -4*m**2 - m + 4. Let w(v) = -4*s(v) - 3*u(v). Calculate w(5).
11
Suppose -4 = -9*f + 14. Let w(z) be the second derivative of -1/4*z**4 + 0 - f*z + 1/2*z**2 + 0*z**3. Calculate w(1).
-2
Suppose 18 - 63 = -5*t. Suppose 0 = 4*u + 3*l + t - 4, 11 = 2*u - 3*l. Let p(w) = 8*w**2 - 1. Determine p(u).
7
Let o(p) be the second derivative of p**4/24 - p**3/6 - p**2/2 + p. Let x(b) be the first derivative of o(b). Suppose w - 3*w + 10 = 0. Calculate x(w).
4
Let j(y) = 36*y + 16. Suppose 46 + 9 = 5*r. Let d(f) = -7*f - 3. Let n(q) = r*d(q) + 2*j(q). Determine n(-1).
4
Let m(v) be the third derivative of -17*v**6/120 - v**5/60 - v**4/24 - v**3/6 + 7*v**2. What is m(-1)?
16
Let k(h) be the third derivative of -h**7/5040 - h**6/80 + h**5/60 + 3*h**2. Let o(i) be the third derivative of k(i). Calculate o(-4).
-5
Let y(u) = -3*u + 10. Let r be y(3). Let j(p) = -p - 1. Let k(o) = -13*o**3 + 2*o**2 - 5*o - 2. Let f(v) = 3*j(v) - k(v). What is f(r)?
12
Let v(w) = w**3 - 4*w**2 + 2*w. Suppose q + 0 - 1 = 0. Let x be (-5)/(-1) + -2*q. Calculate v(x).
-3
Let i(l) = -l**2 - 3*l - 4. Let x(p) be the second derivative of 2*p**3/3 - 2*p. Let m be x(-1). Calculate i(m).
-8
Let d(k) be the third derivative of -k**5/60 - 5*k**4/24 - 2*k**3/3 + 13*k**2. What is d(-4)?
0
Suppose -5*m = -f - 12, -8*m = -3*m + 5*f. Let s(n) = n**3 + 5*n**3 - 7*n**3 - n**m + n. Suppose 4*i - t - 5 = 0, 0 = 4*i + 2*t + 1 + 9. What is s(i)?
0
Let f(s) = -2*s**2 - 3*s - 1. Let g be 3 - (7 - 3) - 2. What is f(g)?
-10
Let m(n) be the first derivative of -n**2/2 - 9*n + 48. Give m(-4).
-5
Let f(n) = -5*n - 8. Let i(j) = j + 1. Let k(w) = -f(w) - 6*i(w). Suppose 0 = -4*m + 5*u - 40, -3*m - 4*u + 5*u = 30. Let a = -7 - m. Calculate k(a).
-1
Let q(k) be the second derivative of -k**3/3 - k**2 - 2*k. Calculate q(2).
-6
Let w(j) = 7*j**3 - j. Let z be w(1). Suppose m - z = -m. Let v(y) be the first derivative of -y**3/3 + 3*y**2/2 + y + 6. Calculate v(m).
1
Let h(m) = 3*m**3 + 4*m**2 - 3*m. Let f(o) be the first derivative of -o**4/4 + o - 3. Let j(y) = 4*f(y) + h(y). Determine j(3).
4
Let n(v) = v - 1. Let a(t) = -4*t + 7. Let s(l) = a(l) + 5*n(l). Let i(o) = o**3 - 2*o**2 - 11*o + 5. Let r be i(4). Calculate s(r).
-5
Suppose 0 = -5*y + 1 + 9. Let l(v) = -v - 7 + y*v - 3. Let b = 67 - 67. Calculate l(b).
-10
Let i(n) = n + 1. Let s be i(2). Let r(d) be the second derivative of 1/2*d**3 + d - 1/20*d**5 + 1/6*d**4 - 2*d**2 + 0. Calculate r(s).
-4
Let y(w) = -w**3 + 3*w**2 + 3*w. Let v be (-12)/36 + (-5)/(-6)*4. Give y(v).
9
Let g(a) = a + 2*a + 0 + 1 + 1 + 5*a**2. Determine g(-2).
16
Suppose -16 = -7*l - l. Let b(f) = -6*f + 3. What is b(l)?
-9
Let c(p) = -p**3 - 5*p**2 + p - 7. Let x be 10/(3 - 4 - 1). Let s = -10 - x. What is c(s)?
-12
Let s(f) be the third derivative of f**6/120 + f**5/15 + f**4/12 + f**3 - 2*f**2. Let p be s(-4). Let k(h) = -h**3 - 5*h**2 + 0 + 1 + h**2. What is k(p)?
-7
Let p = -3 - -4. Suppose -2*d + p = -9. Let k(f) be the third derivative of -f**6/120 + f**5/10 - f**4/4 + f**3 - f**2. Determine k(d).
1
Let h(n) = n**2 - 5*n - 12. Let c(v) = 1. Let k(x) = 5*c(x) + h(x). Suppose i - 32 = -4*s, -4*i = -5*s - 56 + 12. Suppose 0 = 4*d - 4 - i. Give k(d).
-7
Let c(n) be the third derivative of n**5/60 - 5*n**4/24 + n**3/3 - 5*n**2. Determine c(3).
-4
Let z(n) = -3*n**2 - 1. Let y(s) = -2*s - 3. Let l be y(-3). Suppose -8 = -2*v - 2*r, -l*v + 4*v + 3*r = 14. Calculate z(v).
-4
Let v(o) = 0 + 4*o**2 - 1 - 3*o**2 + 5*o. Suppose -y - 7 = 4*b - 4*y, -4*y = -3*b. What is v(b)?
-5
Let k = -28 + 29. Let h = 3 - -2. Let r(y) = 11*y + 4. Let t(s) = -12*s - 5. Let p(l) = h*r(l) + 4*t(l). Give p(k).
7
Suppose y = -0*y + 3. Let f(t) = -9*t - 4 - t**3 + 8*t**2 + y*t - t**2. What is f(6)?
-4
Let n(g) = -g**2 - 2 - 3*g + 2*g - g. Let x(m) = -m**2 + 6*m + 14. Let y be x(8). What is n(y)?
-2
Let x(b) = 5*b**3 - b**2 - 5*b - 4. Let i(c) = -c + 2*c + 5 - c**3 - 1 - 3. Let h(g) = 4*i(g) + x(g). Give h(-1).
-1
Let f(x) = -x**2 - 7*x + 4. Let v be 15/(-2) + 1 - 2/4. What is f(v)?
4
Suppose -5*x - 59 = -69. Let n(y) = y**2 - y + 2. What is n(x)?
4
Let f(k) = -3*k**3 - k**2 - 7*k - 2. Let n(j) = 7*j**3 + 3*j**2 + 14*j + 5. Let l(g) = 9*f(g) + 4*n(g). What is l(-5)?
-13
Let x(p) = 4*p - 2. Let y(l) = -2*l - 1. Let c(v) = x(v) - y(v). Determine c(1).
5
Let y(r) = -2*r + 3 + 0*r**3 + r**2 + r**3 + 5*r. Suppose 2*l = 4*w + 16, 0 = 2*l + 12*